993
List the prime factors of 339679687.
2767, 122761
What are the prime factors of 1921096706?
2, 29, 47, 704731
What are the prime factors of 75477119?
8623, 8753
What are the prime factors of 396010387?
229, 359, 4817
List the prime factors of 71578052.
2, 7, 13, 196643
What are the prime factors of 547154891?
157, 1733, 2011
List the prime factors of 794354804.
2, 193, 1028957
What are the prime factors of 132553482?
2, 3, 22092247
What are the prime factors of 1080133704?
2, 3, 13, 128221
What are the prime factors of 226315921?
13, 389, 44753
List the prime factors of 6836804971.
5077, 1346623
What are the prime factors of 950732034?
2, 3, 7, 22636477
List the prime factors of 510174831.
3, 71, 349, 6863
List the prime factors of 1382496305.
5, 23, 31, 37, 47, 223
List the prime factors of 1368515841.
3, 7, 11, 71, 181, 461
What are the prime factors of 220587479?
7, 89, 354073
List the prime factors of 1917982391.
13, 53, 991
List the prime factors of 71952432.
2, 3, 17, 88177
List the prime factors of 112950130.
2, 5, 997, 11329
What are the prime factors of 254692492?
2, 19, 41, 81737
What are the prime factors of 1674243790?
2, 5, 1009, 165931
What are the prime factors of 94291964?
2, 13, 41, 47, 941
What are the prime factors of 54033602?
2, 7, 1801, 2143
List the prime factors of 1987193714.
2, 11, 90326987
What are the prime factors of 5218478238?
2, 3, 419, 2075767
What are the prime factors of 4993270619?
4993270619
What are the prime factors of 234818003?
7, 33545429
What are the prime factors of 942084890?
2, 5, 9257, 10177
List the prime factors of 2546455669.
1187, 2145287
What are the prime factors of 67160861?
83, 9749
List the prime factors of 483747946.
2, 11, 103, 213481
List the prime factors of 38971907.
13, 19, 53, 229
What are the prime factors of 172000720?
2, 5, 2150009
What are the prime factors of 13731105?
3, 5, 41, 83, 269
What are the prime factors of 101488992?
2, 3, 11, 8737
List the prime factors of 38861441.
19, 2045339
List the prime factors of 786995269.
18371, 42839
List the prime factors of 3231945502.
2, 1615972751
List the prime factors of 156417959.
631, 247889
What are the prime factors of 1156193608?
2, 31, 47, 281, 353
List the prime factors of 24774502.
2, 12387251
What are the prime factors of 818001535?
5, 13, 1811, 6949
List the prime factors of 48568152.
2, 3, 229, 8837
List the prime factors of 1416700906.
2, 1579, 448607
What are the prime factors of 26163324?
2, 3, 11, 2447
List the prime factors of 216656812.
2, 1181, 45863
List the prime factors of 5516572473.
3, 29, 2348477
List the prime factors of 179910603.
3, 167, 119701
What are the prime factors of 166900050?
2, 3, 5, 17, 21817
List the prime factors of 43227050.
2, 5, 864541
List the prime factors of 5417842837.
11, 19, 983, 26371
What are the prime factors of 643049606?
2, 43, 7477321
List the prime factors of 1263833749.
59, 281, 76231
List the prime factors of 2756315281.
17, 162136193
List the prime factors of 53381354.
2, 13, 157933
List the prime factors of 27415660.
2, 5, 523, 2621
List the prime factors of 301440766.
2, 11, 1245623
What are the prime factors of 247609695?
3, 5, 43, 383891
What are the prime factors of 148501320?
2, 3, 5, 11, 112501
List the prime factors of 96573798.
2, 3, 1789, 2999
List the prime factors of 5165292382.
2, 2582646191
List the prime factors of 1258116264.
2, 3, 17473837
What are the prime factors of 69652188?
2, 3, 23, 84121
List the prime factors of 127190820.
2, 3, 5, 71, 73, 409
What are the prime factors of 186356174?
2, 157, 593491
List the prime factors of 1157518239.
3, 619, 623327
What are the prime factors of 63856565?
5, 197, 241, 269
List the prime factors of 9413749.
9413749
What are the prime factors of 10915598?
2, 17, 321047
List the prime factors of 2070004946.
2, 10369, 99817
What are the prime factors of 1572738170?
2, 5, 17, 9251401
What are the prime factors of 206159472?
2, 3, 477221
What are the prime factors of 45753107?
45753107
List the prime factors of 127307299.
7, 18186757
List the prime factors of 217387885.
5, 11, 13, 304039
What are the prime factors of 235126799?
83, 2832853
List the prime factors of 35895841.
43, 834787
List the prime factors of 57302613.
3, 19, 5879
What are the prime factors of 50846594?
2, 25423297
What are the prime factors of 118940899?
7, 11, 79, 19553
What are the prime factors of 216593360?
2, 5, 2707417
List the prime factors of 16162736.
2, 47, 21493
What are the prime factors of 30147586?
2, 7, 47, 45817
List the prime factors of 2688420084.
2, 3, 7, 587, 7789
What are the prime factors of 8809145?
5, 17, 37, 2801
What are the prime factors of 32254164?
2, 3, 71, 12619
List the prime factors of 311539027.
7927, 39301
List the prime factors of 107522457.
3, 7, 5120117
What are the prime factors of 3953821647?
3, 23, 2491381
What are the prime factors of 40794853?
11, 31, 119633
What are the prime factors of 381386388?
2, 3, 47, 676217
What are the prime factors of 5796863227?
5796863227
What are the prime factors of 213001322?
2, 103, 1033987
List the prime factors of 442036936.
2, 11, 31, 5227
What are the prime factors of 8709810?
2, 3, 5, 290327
List the prime factors of 520831802.
2, 260415901
What are the prime factors of 84844932?
2, 3, 659, 10729
List the prime factors of 4981111488.
2, 3, 599, 14437
List the prime factors of 6111185106.
2, 3, 13, 67, 1169381
List the prime factors of 5190002520.
2, 3, 5, 43250021
What are the prime factors of 123874377?
3, 11, 1489, 2521
What are the prime factors of 37682367?
3, 521, 24109
List the prime factors of 112794931.
71, 1588661
List the prime factors of 408435744.
2, 3, 17, 250267
List the prime factors of 303705542.
2, 7, 21693253
List the prime factors of 4794813024.
2, 3, 49945969
List the prime factors of 44751084.
2, 3, 7, 532751
List the prime factors of 3997253499.
3, 127, 199, 52721
What are the prime factors of 315487155?
3, 5, 31, 653, 1039
List the prime factors of 183081053.
183081053
What are the prime factors of 31938743?
23, 1388641
What are the prime factors of 432086138?
2, 11, 29, 223, 3037
List the prime factors of 2759683893.
3, 8017, 114743
What are the prime factors of 6602595?
3, 5, 19, 23167
What are the prime factors of 55305683?
457, 121019
List the prime factors of 174008704.
2, 31, 43853
List the prime factors of 691147222.
2, 345573611
List the prime factors of 153161220.
2, 3, 5, 2552687
List the prime factors of 255791244.
2, 3, 2797, 7621
List the prime factors of 36459948.
2, 3, 7, 37, 11731
List the prime factors of 36624714.
2, 3, 7, 872017
List the prime factors of 5085201.
3, 11, 154097
What are the prime factors of 2872974092?
2, 17, 2803, 15073
List the prime factors of 12786491.
47, 272053
List the prime factors of 1561373964.
2, 3, 43371499
List the prime factors of 59868089.
59868089
List the prime factors of 161124210.
2, 3, 5, 13, 137713
List the prime factors of 289204572.
2, 3, 179, 134639
List the prime factors of 120523322.
2, 47, 1282163
What are the prime factors of 24757780?
2, 5, 17, 72817
List the prime factors of 1295616282.
2, 3, 59, 3659933
List the prime factors of 401614642.
2, 11, 13, 109, 991
List the prime factors of 8576328137.
13, 29, 22748881
List the prime factors of 153281717.
6571, 23327
What are the prime factors of 186120984?
2, 3, 7, 887, 1249
List the prime factors of 634853187.
3, 73, 322097
What are the prime factors of 195142810?
2, 5, 23, 37, 997
What are the prime factors of 799988?
2, 7, 28571
List the prime factors of 3193394966.
2, 307, 5200969
List the prime factors of 619628795.
5, 1171, 105829
What are the prime factors of 5644071?
3, 627119
List the prime factors of 756671204.
2, 23, 1613, 5099
List the prime factors of 45361524.
2, 3, 13, 101, 2879
What are the prime factors of 599993444?
2, 17, 197, 44789
List the prime factors of 234587501.
367, 631, 1013
List the prime factors of 116082844.
2, 29020711
What are the prime factors of 25880490?
2, 3, 5, 269, 1069
What are the prime factors of 458859815?
5, 59, 617, 2521
What are the prime factors of 355572419?
101, 3520519
What are the prime factors of 111751655?
5, 37, 604063
List the prime factors of 829486057.
829486057
What are the p